 the remainder when 93 is divided by j(6).
9
Suppose 9 = 7*o + 30. Let m(i) = 5*i**2 + 3*i - 4. What is the remainder when m(o) is divided by 7?
4
Let j = -89 + 346. Calculate the remainder when j is divided by 10.
7
Let k(n) = n - 15. Let h be k(21). Let l = -9 - -14. Let i = l + h. Calculate the remainder when 41 is divided by i.
8
Let c(m) = -m**3 + 12*m**2 + 12*m + 32. Let n(a) = a**3 + 10*a**2 + 3*a + 2. What is the remainder when n(-5) is divided by c(13)?
17
What is the remainder when ((-36)/(-6) - 200)/(-1) is divided by 49?
47
Let q = 326 - 313. Let a(t) = -t - 3. Let y be a(-3). Suppose y = -2*k - 0 + 102. What is the remainder when k is divided by q?
12
Let g be (-20 - 1)*(-14)/(-6). Let m = -17 - g. What is the remainder when 127 is divided by m?
31
Suppose -18 = 2*k + 5*o - 90, 0 = -5*k - 2*o + 180. Calculate the remainder when 58 is divided by k.
22
Suppose s - 21 = -v, 19 = -3*v + 4*v + 3*s. What is the remainder when v/3*(-2 + (-39)/(-6)) is divided by 5?
3
Let k be (2/(-6))/(1/(-15)). Suppose -2*a - k = -3*a. What is the remainder when 2 + -1*5*-3 is divided by a?
2
Suppose 9 = 2*u + 4*f + f, -1 = -f. Suppose 0 = 2*y - 3*g - 20, 0*g = -y - u*g + 3. What is the remainder when 10 is divided by y?
3
Suppose 4*u - 4*t - 145 = -5*t, -u - 2*t + 45 = 0. Let i = -603 - -882. Calculate the remainder when i is divided by u.
34
Suppose -252 = -5*r + 4*t + 264, 4*r + 2*t - 418 = 0. Let z = 162 - 102. Suppose -z = -4*l + r. Calculate the remainder when l is divided by 14.
13
Suppose 361 = 5*b - 3*u, -5*b - 53 = -4*u - 411. Calculate the remainder when 512 is divided by b.
68
Let f(r) = -3*r - 54. What is the remainder when 106 is divided by f(-21)?
7
Let j be 771/(0 + 3) + 0. Suppose -3*c + 5*d + j = 0, -55 = -c - 5*d + 44. What is the remainder when c is divided by 30?
29
Let o(b) = -6*b**3 - 2 + 5*b**3 + 1. Let w be o(-2). Suppose 0 = -8*r + w*r + 54. Calculate the remainder when r is divided by 19.
16
Let l(j) = -17*j + 243. Calculate the remainder when l(7) is divided by 26.
20
Let l = 1 + 5. Suppose -8*z + 14 = -l*z. Calculate the remainder when 25 is divided by (z/(-4))/(2/(-16)).
11
Let n(g) = 2*g - 10. Let p be n(5). Let f be p - (-20)/(-8)*-2. Calculate the remainder when (-1 + 2)/(f/85) is divided by 9.
8
Let a = 120 + -83. Let p = 1389 - 1242. Calculate the remainder when p is divided by a.
36
Let b be -1*12/4 + 6. Suppose q - 9 = 2*p - p, -22 = -2*q + b*p. Suppose 39 = 4*d + g - 0*g, -d + q*g = 6. What is the remainder when 25 is divided by d?
7
Let r = 631 + -615. What is the remainder when 685 is divided by r?
13
Let x(b) = b**2 + 41*b - 121. Calculate the remainder when 17 is divided by x(3).
6
Let s(c) = 13*c + 184. What is the remainder when 108 is divided by s(-13)?
3
Let o(p) = 14*p**2 + p. Suppose 0 = -k + 4*g + g + 152, 2*g = -3*k + 405. Suppose 3 = 4*f - k. Calculate the remainder when f is divided by o(-1).
9
Let c = 472 + -916. What is the remainder when (-2)/(16/c) - 2/4 is divided by 20?
15
Let c(y) = 29*y**2 + 26*y - 84. What is the remainder when c(3) is divided by 9?
3
Let c(q) be the second derivative of -q**3/6 + 3*q**2 + 8*q. Calculate the remainder when 29 is divided by c(-10).
13
Suppose -99 = -4*v - 5*a, 4*a - 6 = 6. What is the remainder when (8/(-3) - -2)*-93 is divided by v?
20
Let h(a) = 2*a**2 - 5. Calculate the remainder when 18 is divided by h(2).
0
Let q be (-100)/(-15) + ((-6)/9 - -1). Calculate the remainder when 73 is divided by (-4)/(2 + (-15)/q) + -3.
23
Let j(t) = t**2 - 6*t + 6. Let u be j(5). Let y = -17 + 34. What is the remainder when 59 is divided by 6 + y - (u + 2)?
19
Suppose -4*o + 2 + 14 = 0. Let r(t) = -2*t - 21. What is the remainder when o is divided by r(-11)?
0
Let a = 17 + -7. Let r be (-26)/(-130) + 208/10. Suppose 24 = n + r. What is the remainder when a is divided by n?
1
Suppose -3*i + 2*d - 10 = 0, 6*d - 20 = i + 2*d. Let r = 8 - i. Calculate the remainder when 12 is divided by r.
4
Let l(d) = -4*d + 59. What is the remainder when 33 is divided by l(11)?
3
Let t(h) = h**3 + 23*h**2 + 20*h + 29. Let y be t(-22). Suppose -7 = -2*i + y. What is the remainder when i is divided by 14?
12
Let i be 0*((-1)/3 + (-10)/(-12)). Let l be (-585)/(-35) + (-2)/(-7). Let r = l - i. What is the remainder when 47 is divided by r?
13
Let u = 365 - 210. Calculate the remainder when u is divided by 52.
51
Let q(r) = 2*r**2 - 3*r + 11. Calculate the remainder when q(6) is divided by 37.
28
Let r = -27 - -23. Let z = 17 + r. Suppose a = -2*a + 150. Calculate the remainder when a is divided by z.
11
Let z = 1348 - 1932. Let c = -374 - z. Suppose 11*q - c = 6*q + m, q = -3*m + 58. What is the remainder when q is divided by 22?
21
Suppose 2*l + 0*l + 35 = -5*p, -2*l = -2*p. Let x(f) = -3*f + 3. Calculate the remainder when 71 is divided by x(l).
17
Suppose 5*z - 157 - 38 = 2*g, 0 = -2*z - 4*g + 54. Calculate the remainder when z is divided by 8.
5
Let g = 19 - -68. Let t = g + -58. Calculate the remainder when t is divided by 17.
12
Let a(b) = -6*b**3 - 2*b**2 + 3*b + 9. Let m be a(-3). Suppose -m = -4*w + 2*w. Calculate the remainder when w is divided by 25.
22
Let d(y) = -y - 13. Let i be d(-5). Let p(q) = 2*q + 19. Calculate the remainder when p(i) is divided by 2.
1
Suppose -11*a + 114 = -117. What is the remainder when a is divided by 7?
0
Suppose -21*t + 1950 = -6*t. Calculate the remainder when t is divided by 17.
11
Let s(v) = v**3 - 7*v**2 - 16*v + 18. Let d be 6/(((-42)/9)/(-7)). Let j(a) = -a**3 + 5*a**2 + 3. Calculate the remainder when s(d) is divided by j(4).
17
Let n be (5 + -2)*116/(-6). Let v = 29 - n. Let y = v + -13. What is the remainder when y is divided by 19?
17
Suppose f = -3*f - 5*y + 1792, 0 = -5*f - 3*y + 2253. Calculate the remainder when f is divided by 38.
35
Let h = -710 + 739. Calculate the remainder when 258 is divided by h.
26
Let p = -20 - -47. Let y(c) = -3*c**2 + 31*c + 27. Calculate the remainder when p is divided by y(11).
2
Let w(d) = 5*d - 8. Let k be w(-8). Let o = k + 61. What is the remainder when o is divided by 9?
4
Suppose 5*j - 7*u = -9*u + 27, -4*j - 2*u + 20 = 0. What is the remainder when 8 is divided by j?
1
Suppose 2*w - 3*z = 29, 1 - 6 = w + 5*z. Suppose 3*q - 4*r - 4 = 0, r = 3*q - 0 - w. Let s = 12 - 4. Calculate the remainder when s is divided by q.
0
Let p = 526 - 501. Calculate the remainder when 235 is divided by p.
10
Suppose 0 = -2*d + 4*d - 2, -4*d = -3*l + 8. What is the remainder when (-2)/l - (-580)/40 is divided by 4?
2
Suppose -70 - 158 = -3*c. Calculate the remainder when 225 is divided by c.
73
Let w(o) = 5*o**3 - 3*o**2 + 2*o + 3. Let p be w(3). Let m = p - 72. What is the remainder when m is divided by 12?
9
Suppose 0 = 4*l - m + 103, -l = -3*l + 3*m - 59. Let x = 35 + l. Suppose 29 = h + 10. Calculate the remainder when h is divided by x.
9
Suppose 5*z + 2 = 37. Suppose -11*f + 8*f = -3*u + 9, -3*u = -5*f - 5. What is the remainder when z is divided by u?
2
Let a be 1096/4 - (6 + -3). Let x be 4*1 - (0 - -1). Suppose -x*u + a = 10. Calculate the remainder when u is divided by 30.
27
Suppose 0 = -w - 2*w + 33. Let t(f) = f - 10. Let c(h) = 2*h - 20. Let o(a) = -3*c(a) + 7*t(a). Calculate the remainder when w is divided by o(14).
3
Let d = -24 + 77. Let p = 75 - d. Let j = 28 - -37. What is the remainder when j is divided by p?
21
Suppose 0*d = 15*d - 450. What is the remainder when 357 is divided by d?
27
Let x(y) = y**2 + 10*y + 4. Let v be x(-13). Suppose 5*q - 2*m - v - 132 = 0, 0 = -3*q - 5*m + 136. Calculate the remainder when 146 is divided by q.
35
Let w = 11 - 8. Let v(p) = p**2 - 23*p + 64. Calculate the remainder when v(21) is divided by w.
1
Let q be 6*((62/3)/2 + -1). Let o = q - 54. What is the remainder when 7 is divided by o?
1
Let m = -12 - -12. Suppose 0 = -0*y - 5*y + 15, m = -3*j + y + 48. Let z = j - -27. Calculate the remainder when z is divided by 15.
14
Let t(j) = 14*j - 34. Let m be t(-14). What is the remainder when ((-12)/(-15))/((-4)/m) is divided by 12?
10
Let f(m) = -2*m**2 - m + 111. Let s be f(0). Suppose -5*x - 4*j + 172 = 0, 3*x = -0*j - 5*j + s. What is the remainder when x is divided by 9?
5
Suppose -30*x - 272 = -34*x. What is the remainder when x is divided by 37?
31
Let d(c) = -c - 3.